{"id":41,"date":"2025-10-04T05:30:30","date_gmt":"2025-10-04T05:30:30","guid":{"rendered":"https:\/\/adempresarial.com\/?page_id=41"},"modified":"2026-04-10T06:26:59","modified_gmt":"2026-04-10T06:26:59","slug":"que-sabemos-hacer","status":"publish","type":"page","link":"https:\/\/adempresarial.com\/?page_id=41","title":{"rendered":"\u00bfque sabemos hacer?"},"content":{"rendered":"\n<p><strong>\u00bfQu\u00e9 problema resolvemos?<\/strong><br>En un entorno caracterizado por la complejidad, la incertidumbre y el cambio acelerado, muchas organizaciones oferentes de servicios de desarrollo, as\u00ed como empresas y emprendimientos, enfrentan dificultades para adaptarse estrat\u00e9gicamente, incorporar innovaciones de forma efectiva, y responder con relevancia a los desaf\u00edos emergentes de sus contextos.<\/p>\n\n\n\n<p><em>Resolvemos la falta de capacidades metodol\u00f3gicas, anticipatorias y tecnol\u00f3gicas que limitan su impacto, sostenibilidad e innovaci\u00f3n.<\/em> A trav\u00e9s del dise\u00f1o metodol\u00f3gico e instruccional nos ocupamos de la implementaci\u00f3n de procesos creativos y estrat\u00e9gicos, y el fortalecimiento organizacional, habilitamos a organizaciones para que lideren con visi\u00f3n, aumenten su capacidad de respuesta y generen valor en escenarios cambiantes.<\/p>\n\n\n\n<p><strong>\u00bfQu\u00e9 valor generamos? <\/strong><br><em>Ayudamos a organizaciones que est\u00e1n transformando su operaci\u00f3n a lograr que sus personas atiendan, aprendan y ejecuten mejor, mediante metodolog\u00edas de atenci\u00f3n, rutas de aprendizaje y soportes de desempe\u00f1o integrados al trabajo real.<\/em><\/p>\n\n\n\n<p><strong>Hoy mismo:<\/strong> Impulsamos el fortalecimiento de oferentes de servicios de desarrollo mediante procesos creativos, metodol\u00f3gicamente s\u00f3lidos e impulsados por la innovaci\u00f3n. Dise\u00f1amos metodolog\u00edas, instrucciones y estrategias que permiten la implementaci\u00f3n efectiva de innovaciones, el desarrollo de capacidades y la transformaci\u00f3n de empresas y emprendimientos. Integramos activamente las tendencias tecnol\u00f3gicas en nuestras actividades para potenciar resultados, adaptabilidad y sostenibilidad. <em>Nuestro enfoque combina pensamiento anticipatorio, an\u00e1lisis estrat\u00e9gico y acompa\u00f1amiento riguroso, orientado a generar valor en contextos complejos y en constante cambio.<\/em><\/p>\n\n\n\n<p><br><strong>En el corto plazo:<\/strong> Nos encantar\u00eda consolidarnos en la regi\u00f3n como una organizaci\u00f3n referente en el dise\u00f1o estrat\u00e9gico de pensamiento, reconocida por formar y fortalecer una nueva generaci\u00f3n de empresarios, emprendedores y oferentes de servicios de desarrollo. <em>Aspiramos a ser un motor de transformaci\u00f3n para quienes buscan liderar con creatividad, innovaci\u00f3n y compromiso, incorporando tecnolog\u00edas emergentes como aliadas clave para enfrentar los desaf\u00edos del presente y construir soluciones con impacto duradero.<\/em><\/p>\n\n\n\n<p>Los valores institucionales que nos distinguen son:<\/p>\n\n\n\n<ol class=\"wp-block-list\">\n<li><strong>Creatividad transformadora<\/strong>: Fomentamos la creatividad como motor para imaginar nuevas posibilidades, dise\u00f1ar soluciones contextualizadas y transformar realidades complejas con sensibilidad e ingenio.<\/li>\n\n\n\n<li><strong>Innovaci\u00f3n estrat\u00e9gica<\/strong>: Adoptamos una actitud de mejora continua, explorando e implementando innovaciones metodol\u00f3gicas, tecnol\u00f3gicas y organizacionales que aporten valor real y sostenible.<\/li>\n\n\n\n<li><strong>Compromiso con el desarrollo<\/strong>: Nos orienta un firme compromiso con el fortalecimiento de oferentes, empresas y emprendimientos que contribuyen al desarrollo justo, inclusivo y sostenible.<\/li>\n\n\n\n<li><strong>Rigor y adaptabilidad<\/strong>: Combinamos pensamiento sist\u00e9mico y metodolog\u00edas s\u00f3lidas con una capacidad constante de adaptaci\u00f3n a los entornos cambiantes en los que trabajamos.<\/li>\n\n\n\n<li><strong>Colaboraci\u00f3n significativa<\/strong>: Creemos en el trabajo colaborativo, el di\u00e1logo intersectorial y el aprendizaje mutuo como base para construir soluciones con mayor impacto y legitimidad.<\/li>\n\n\n\n<li><strong>Responsabilidad anticipatoria<\/strong>: Actuamos con conciencia de futuro, identificando se\u00f1ales de cambio, evaluando implicancias y acompa\u00f1ando decisiones estrat\u00e9gicas que consideren el largo plazo.<\/li>\n<\/ol>\n\n\n\n<p>Creemos fervientemente en:<\/p>\n\n\n\n<ul class=\"wp-block-list\">\n<li><strong>Dise\u00f1ar con prop\u00f3sito<\/strong>: Todo dise\u00f1o metodol\u00f3gico o instruccional parte de un entendimiento profundo del contexto, de las personas y de los desaf\u00edos que se enfrentan.<\/li>\n\n\n\n<li><strong>Formar para la acci\u00f3n<\/strong>: La formaci\u00f3n no es solo transmisi\u00f3n de conocimientos, sino activaci\u00f3n de capacidades para actuar con mayor claridad, autonom\u00eda y eficacia.<\/li>\n\n\n\n<li><strong>Implementar con visi\u00f3n<\/strong>: Acompa\u00f1amos la implementaci\u00f3n de innovaciones con una mirada sist\u00e9mica, asegurando coherencia entre objetivos, procesos y resultados.<\/li>\n\n\n\n<li><strong>Aprovechar la tecnolog\u00eda con criterio<\/strong>: Usamos las tendencias tecnol\u00f3gicas como herramientas habilitantes, siempre al servicio de las estrategias humanas y del desarrollo con sentido.<\/li>\n\n\n\n<li><strong>Construir futuro desde el presente<\/strong>: Nuestras decisiones parten del presente, pero est\u00e1n informadas por el an\u00e1lisis de futuros posibles y deseables.<\/li>\n<\/ul>\n\n\n\n<p>Estamos cambiando para dise\u00f1ar capacidad \u00fatil para profesionales y organizaciones que necesitan operar mejor en medio del cambio.<\/p>\n\n\n\n<p>Nos gusta pensar que trabajaremos todas estas premisas, pero el futuro es incierto, pero podemos conducirnos en el presente para adaptarnos a los cambios de la nueva realidad que nos aborda inexorable y r\u00e1pidamente. Aceptamos el cambio como parte del aprendizaje institucional.<\/p>\n","protected":false},"excerpt":{"rendered":"<p>Solucionamos problemas<\/p>\n","protected":false},"author":1,"featured_media":53,"parent":0,"menu_order":0,"comment_status":"closed","ping_status":"closed","template":"","meta":{"footnotes":""},"class_list":["post-41","page","type-page","status-publish","has-post-thumbnail","hentry"],"_links":{"self":[{"href":"https:\/\/adempresarial.com\/index.php?rest_route=\/wp\/v2\/pages\/41","targetHints":{"allow":["GET"]}}],"collection":[{"href":"https:\/\/adempresarial.com\/index.php?rest_route=\/wp\/v2\/pages"}],"about":[{"href":"https:\/\/adempresarial.com\/index.php?rest_route=\/wp\/v2\/types\/page"}],"author":[{"embeddable":true,"href":"https:\/\/adempresarial.com\/index.php?rest_route=\/wp\/v2\/users\/1"}],"replies":[{"embeddable":true,"href":"https:\/\/adempresarial.com\/index.php?rest_route=%2Fwp%2Fv2%2Fcomments&post=41"}],"version-history":[{"count":12,"href":"https:\/\/adempresarial.com\/index.php?rest_route=\/wp\/v2\/pages\/41\/revisions"}],"predecessor-version":[{"id":91,"href":"https:\/\/adempresarial.com\/index.php?rest_route=\/wp\/v2\/pages\/41\/revisions\/91"}],"wp:featuredmedia":[{"embeddable":true,"href":"https:\/\/adempresarial.com\/index.php?rest_route=\/wp\/v2\/media\/53"}],"wp:attachment":[{"href":"https:\/\/adempresarial.com\/index.php?rest_route=%2Fwp%2Fv2%2Fmedia&parent=41"}],"curies":[{"name":"wp","href":"https:\/\/api.w.org\/{rel}","templated":true}]}}