{"id":42,"date":"2025-10-04T05:30:30","date_gmt":"2025-10-04T05:30:30","guid":{"rendered":"https:\/\/adempresarial.com\/?page_id=42"},"modified":"2026-04-10T06:38:14","modified_gmt":"2026-04-10T06:38:14","slug":"conversemos","status":"publish","type":"page","link":"https:\/\/adempresarial.com\/?page_id=42","title":{"rendered":"Conversemos"},"content":{"rendered":"\n<p>Es muy f\u00e1cil encontrarnos, pueden escribir al correo institucional <strong>ad@adempresarial.com<\/strong> pero tambi\u00e9n recibimos via whatsapp al <strong>+50372031277<\/strong>, donde (con un poco de paciencia) respondemos de inmediato o hasta un tiempo m\u00e1ximo de 12 horas. <br><br>Podemos comunicarnos globalmente y sin problemas en idioma espa\u00f1ol e ingl\u00e9s por medio de internet<br>Trabajamos de forma presencial en Am\u00e9rica Central el Caribe y algunos pa\u00edses de Norte y Sur Am\u00e9rica<br><br><strong>Dise\u00f1amos sistemas de atenci\u00f3n y aprendizaje que mejoran el desempe\u00f1o <em>donde realmente importa: en la operaci\u00f3n.<\/em><\/strong><\/p>\n\n\n\n<p><\/p>\n\n\n\n<p><\/p>\n","protected":false},"excerpt":{"rendered":"<p>Es muy f\u00e1cil encontrarnos, pueden escribir al correo institucional ad@adempresarial.com pero tambi\u00e9n recibimos via whatsapp al +50372031277, donde (con un poco de paciencia) respondemos de inmediato o hasta un tiempo m\u00e1ximo de 12 horas. Podemos comunicarnos globalmente y sin problemas &hellip; <\/p>\n","protected":false},"author":1,"featured_media":65,"parent":0,"menu_order":0,"comment_status":"closed","ping_status":"closed","template":"","meta":{"footnotes":""},"class_list":["post-42","page","type-page","status-publish","has-post-thumbnail","hentry"],"_links":{"self":[{"href":"https:\/\/adempresarial.com\/index.php?rest_route=\/wp\/v2\/pages\/42","targetHints":{"allow":["GET"]}}],"collection":[{"href":"https:\/\/adempresarial.com\/index.php?rest_route=\/wp\/v2\/pages"}],"about":[{"href":"https:\/\/adempresarial.com\/index.php?rest_route=\/wp\/v2\/types\/page"}],"author":[{"embeddable":true,"href":"https:\/\/adempresarial.com\/index.php?rest_route=\/wp\/v2\/users\/1"}],"replies":[{"embeddable":true,"href":"https:\/\/adempresarial.com\/index.php?rest_route=%2Fwp%2Fv2%2Fcomments&post=42"}],"version-history":[{"count":5,"href":"https:\/\/adempresarial.com\/index.php?rest_route=\/wp\/v2\/pages\/42\/revisions"}],"predecessor-version":[{"id":101,"href":"https:\/\/adempresarial.com\/index.php?rest_route=\/wp\/v2\/pages\/42\/revisions\/101"}],"wp:featuredmedia":[{"embeddable":true,"href":"https:\/\/adempresarial.com\/index.php?rest_route=\/wp\/v2\/media\/65"}],"wp:attachment":[{"href":"https:\/\/adempresarial.com\/index.php?rest_route=%2Fwp%2Fv2%2Fmedia&parent=42"}],"curies":[{"name":"wp","href":"https:\/\/api.w.org\/{rel}","templated":true}]}}